ltiple of 41?
False
Is 43 a factor of 836600518?
True
Is 2366025117 a multiple of 91?
False
Is 880 a factor of 15567049?
False
Is 17104540 a multiple of 86?
True
Is 3992 a factor of 442221784?
True
Is 351 a factor of 143307684?
True
Is 677476316 a multiple of 68?
True
Is 2187 a factor of 2981601628?
False
Does 1775 divide 351647025?
True
Is 118555290 a multiple of 630?
True
Is 5176 a factor of 827833912?
True
Is 124802140 a multiple of 10?
True
Does 40 divide 303369876?
False
Does 7331 divide 1373724623?
False
Is 9 a factor of 9247807?
False
Is 10 a factor of 166224780?
True
Does 935 divide 80640010?
True
Is 3105766 a multiple of 9?
False
Is 15038082 a multiple of 230?
False
Is 48168120 a multiple of 130?
True
Is 2093410 a multiple of 11?
True
Is 3 a factor of 147582024?
True
Does 57 divide 32796003?
False
Is 148094793 a multiple of 201?
False
Does 27 divide 47393323?
False
Is 1112 a factor of 32543513?
False
Is 8863138 a multiple of 26?
False
Is 1951 a factor of 1549291712?
False
Is 7417714 a multiple of 22?
False
Is 41209344 a multiple of 16?
True
Is 1455 a factor of 599916870?
True
Does 11 divide 864404?
False
Does 166 divide 10136539?
False
Is 513017897 a multiple of 1718?
False
Is 991 a factor of 178641130?
False
Is 3 a factor of 289846888?
False
Is 12 a factor of 3194035872?
True
Is 2060 a factor of 21630883?
False
Is 26976672 a multiple of 144?
True
Is 998034866 a multiple of 123?
False
Is 34 a factor of 2270724547?
False
Is 172 a factor of 5787346?
False
Is 169 a factor of 638499238?
True
Is 53835228 a multiple of 478?
True
Is 24628344 a multiple of 78?
True
Is 2454 a factor of 268713000?
True
Is 436262 a multiple of 32?
False
Does 40 divide 46102936?
False
Is 687678728 a multiple of 367?
True
Is 25683091 a multiple of 109?
False
Does 22 divide 19260696?
False
Does 25 divide 13368750?
True
Is 89 a factor of 198464560?
False
Is 2408 a factor of 238514808?
True
Is 595058927 a multiple of 76?
False
Is 21598148 a multiple of 143?
True
Does 12 divide 2060994925?
False
Does 117 divide 1053724720?
False
Is 533882432 a multiple of 64?
True
Does 9 divide 32386995?
True
Is 1253853552 a multiple of 8108?
True
Is 76 a factor of 193663352?
True
Is 84662390 a multiple of 99?
False
Is 179 a factor of 2947468058?
True
Is 23 a factor of 31084355?
False
Is 663004895 a multiple of 71?
False
Is 28084930 a multiple of 5?
True
Does 1538 divide 596691359?
False
Does 37 divide 52080053?
True
Is 36 a factor of 2453471712?
True
Is 11 a factor of 456544979?
True
Is 338199246 a multiple of 7?
True
Is 1868050296 a multiple of 14?
True
Does 86 divide 413012764?
True
Is 538111638 a multiple of 909?
True
Is 1557551157 a multiple of 61?
False
Is 34 a factor of 88652246?
True
Is 4916452050 a multiple of 336?
False
Is 133270443 a multiple of 10?
False
Is 696 a factor of 11615548?
False
Does 910 divide 74834046?
False
Is 534410062 a multiple of 17?
True
Is 26147260 a multiple of 11?
False
Is 7419420 a multiple of 94?
True
Is 5 a factor of 12382635?
True
Is 705 a factor of 18653467?
False
Does 408 divide 31031215?
False
Is 14719041 a multiple of 123?
True
Does 114 divide 1056535667?
False
Does 8 divide 50079640?
True
Is 2998 a factor of 355382920?
True
Is 3469727 a multiple of 62?
False
Is 10 a factor of 20520670?
True
Is 5632 a factor of 6709485772?
False
Is 984 a factor of 628314504?
True
Is 1705381 even?
False
Is 1203586111 a multiple of 10?
False
Does 27 divide 113229657?
True
Is 110 a factor of 111508210?
True
Does 530 divide 1678078050?
True
Is 44840372 a multiple of 91?
False
Does 1974 divide 331452722?
False
Does 6 divide 84735762?
True
Does 52 divide 4179964?
False
Is 19 a factor of 85196033?
False
Is 575 a factor of 139990290?
False
Is 1601 a factor of 169699596?
True
Is 1954915 a multiple of 545?
True
Is 1088 a factor of 51350336?
True
Is 233 a factor of 458990465?
False
Does 8841 divide 1173766524?
True
Is 53001494 a multiple of 573?
False
Is 10148800 a multiple of 20?
True
Is 24 a factor of 129924176?
False
Does 4 divide 11184864?
True
Is 90519125 a multiple of 183?
False
Is 25003827 a multiple of 3?
True
Does 2139 divide 2595796284?
True
Is 153704363 a multiple of 49?
False
Does 65 divide 2232376339?
False
Does 8 divide 34846824?
True
Does 78 divide 12065686?
False
Is 191203006 a multiple of 531?
False
Is 631 a factor of 769990608?
False
Is 18 a factor of 50717988?
True
Does 465 divide 858130475?
False
Does 533 divide 190081513?
False
Is 125404576 a multiple of 1852?
False
Does 7 divide 282302076?
True
Does 14 divide 26856634?
True
Is 7640765 a multiple of 775?
False
Is 19 a factor of 13228840?
False
Is 83260254 a multiple of 714?
True
Is 11 a factor of 458938128?
True
Does 223 divide 9095947?
True
Is 710225281 a multiple of 1741?
True
Does 21 divide 104670071?
False
Is 2244 a factor of 2549435328?
True
Is 59478970 a multiple of 14?
False
Does 129 divide 55162639?
False
Does 39 divide 68239509?
True
Is 6526 a factor of 1430107808?
False
Is 56 a factor of 174905047?
False
Is 30481996 a multiple of 2860?
False
Is 174839435 a multiple of 4055?
True
Is 33 a factor of 16928174?
False
Is 1517704548 a multiple of 149?
False
Is 120861045 a multiple of 3085?
True
Is 307 a factor of 15578101?
True
Is 225 a factor of 421995600?
True
Is 17 a factor of 642311?
True
Is 58 a factor of 289849896?
True
Is 42736914 a multiple of 1260?
False
Is 57 a factor of 71218464?
False
Does 7 divide 765585117?
False
Is 1544 a factor of 204587720?
True
Is 4159575 a multiple of 139?
True
Does 477 divide 1127731986?
True
Does 28 divide 67542356?
True
Is 114 a factor of 158492401?
False
Is 3304526280 a multiple of 562?
True
Is 6 a factor of 2620002?
True
Is 5 a factor of 366200060?
True
Does 47 divide 7522162?
True
Is 27 a factor of 108944217?
True
Does 394 divide 30544456?
True
Is 367 a factor of 1095828069?
False
Is 262660541 a multiple of 247?
True
Does 6400 divide 23840000?
True
Is 246 a factor of 759137580?
False
Does 258 divide 218938134?
False
Is 88 a factor of 3032378976?
True
Is 208368516 a multiple of 99?
False
Does 201 divide 150009717?
True
Does 141 divide 2081498?
False
Is 2302011 a multiple of 7?
False
Is 7 a factor of 264340425?
False
Is 69027624 a multiple of 72?
True
Is 47056415 a multiple of 1073?
True
Is 159 a factor of 63600160?
False
Does 63 divide 12748285?
False
Is 2037 a factor of 894890766?
True
Is 42055584 a multiple of 48?
True
Is 321 a factor of 306965501?
False
Is 40053956 a multiple of 10?
False
Is 382 a factor of 54142268?
False
Is 20501089 a multiple of 7?
True
Is 2253 a factor of 278133687?
False
Does 19 divide 688079547?
True
Is 374 a factor of 2236258574?
True
Is 60 a factor of 87365180?
False
Does 27 divide 25621052?
False
Is 6 a factor of 8187606?
True
Is 258867091 a multiple of 1842?
False
Is 10 a factor of 21618470?
True
Is 6784401 a multiple of 949?
True
Is 309 a factor of 71071236?
True
Is 48289010 a multiple of 539?
True
Is 1434 a factor of 13081597?
False
Is 6907193 a multiple of 151?
True
Is 6691403516 a multiple of 14?
True
Is 403305590 a multiple of 95?
True
Is 479 a factor of 1693185113?
False
Does 1468 divide 134680029?
False
Is 1560194734 a multiple of 7911?
False
Does 21 divide 342499479?
True
Is 88 a factor of 6589704?
True
Is 75036478 a multiple of 41?
True
Does 17 divide 876282221?
True
Is 1108 a factor of 186647995?
False
Is 2229 a factor of 1555820033?
False
Does 3036 divide 53479618?
False
Is 131297634 a multiple of 39?
True
Does 2045 divide 984049910?
True
Is 3 a factor of 14550354?
True
Does 4497 divide 349718199?
True
Does 20 divide 159047852?
False
Is 488106600 a multiple of 40?
True
Is 158097366 a multiple of 3625?
False
Does 11 divide 1054354598?
True
Does 807 divide 82831027?
False
Is 270917342 a multiple of 99?
False
Does 73 divide 991486?
True
Does 28 divide 6123796?
True
Is 9265756 a multiple of 358?
True
Does 1457 divide 2742847667?
True
Is 68044769 a multiple of 6?
False
Does 378 divide 28698874?
False
Is 2724860 a multiple of 82?
True
Does 1581 divide 19533904?
False
Is 46621641 a multiple of 1225?
False
Is 2919 a factor of 213129676?
False
Is 9 a factor of 168050417?
False
Is 41 a factor of 32886223?
True
Does 262 divide 436594187?
False
Is 3020649914 a multiple of 46?
False
Does 1329 divide 79568259?
False
Is 1178530